{"id":2443,"date":"2025-01-03T15:26:09","date_gmt":"2025-01-03T12:26:09","guid":{"rendered":"\/home\/u0075110\/public_html\/wp-content\/uploads\/2025\/01\/muglanin-5-ilcesi-icin-siddetli-yagis-uyarisi_2b4c7df6fb80.jpg"},"modified":"2025-01-03T15:26:09","modified_gmt":"2025-01-03T12:26:09","slug":"muglanin-5-ilcesi-icin-siddetli-yagis-uyarisi-2","status":"inherit","type":"attachment","link":"https:\/\/www.egemtv.com\/?attachment_id=2443","title":{"rendered":"Mu\u011fla\u2019n\u0131n 5 il\u00e7esi i\u00e7in \u015fiddetli ya\u011f\u0131\u015f uyar\u0131s\u0131"},"author":1,"featured_media":0,"comment_status":"open","ping_status":"closed","template":"","meta":{"_crdt_document":""},"class_list":["post-2443","attachment","type-attachment","status-inherit","hentry"],"filename":"muglanin-5-ilcesi-icin-siddetli-yagis-uyarisi_2b4c7df6fb80.jpg","filesize":109403,"description":{"rendered":"<p class=\"attachment\"><a href='https:\/\/www.egemtv.com\/wp-content\/uploads\/2025\/01\/muglanin-5-ilcesi-icin-siddetli-yagis-uyarisi_2b4c7df6fb80.jpg'><img fetchpriority=\"high\" decoding=\"async\" width=\"300\" height=\"200\" src=\"https:\/\/www.egemtv.com\/wp-content\/uploads\/2025\/01\/muglanin-5-ilcesi-icin-siddetli-yagis-uyarisi_2b4c7df6fb80-300x200.jpg\" class=\"attachment-medium size-medium not-transparent\" alt=\"\" srcset=\"https:\/\/www.egemtv.com\/wp-content\/uploads\/2025\/01\/muglanin-5-ilcesi-icin-siddetli-yagis-uyarisi_2b4c7df6fb80-300x200.jpg 300w, https:\/\/www.egemtv.com\/wp-content\/uploads\/2025\/01\/muglanin-5-ilcesi-icin-siddetli-yagis-uyarisi_2b4c7df6fb80-600x400.jpg 600w, https:\/\/www.egemtv.com\/wp-content\/uploads\/2025\/01\/muglanin-5-ilcesi-icin-siddetli-yagis-uyarisi_2b4c7df6fb80-768x512.jpg 768w, https:\/\/www.egemtv.com\/wp-content\/uploads\/2025\/01\/muglanin-5-ilcesi-icin-siddetli-yagis-uyarisi_2b4c7df6fb80-820x545.jpg 820w, https:\/\/www.egemtv.com\/wp-content\/uploads\/2025\/01\/muglanin-5-ilcesi-icin-siddetli-yagis-uyarisi_2b4c7df6fb80.jpg 1280w\" sizes=\"(max-width: 300px) 100vw, 300px\" data-has-transparency=\"false\" data-dominant-color=\"9a9a95\" style=\"--dominant-color: #9a9a95;\" \/><\/a><\/p>\n"},"caption":{"rendered":""},"alt_text":"","media_type":"image","mime_type":"image\/jpeg","media_details":{"width":1280,"height":853,"file":"2025\/01\/muglanin-5-ilcesi-icin-siddetli-yagis-uyarisi_2b4c7df6fb80.jpg","filesize":109403,"sizes":{"medium":{"file":"muglanin-5-ilcesi-icin-siddetli-yagis-uyarisi_2b4c7df6fb80-300x200.jpg","width":300,"height":200,"filesize":12182,"mime_type":"image\/jpeg","source_url":"https:\/\/www.egemtv.com\/wp-content\/uploads\/2025\/01\/muglanin-5-ilcesi-icin-siddetli-yagis-uyarisi_2b4c7df6fb80-300x200.jpg"},"large":{"file":"muglanin-5-ilcesi-icin-siddetli-yagis-uyarisi_2b4c7df6fb80-600x400.jpg","width":600,"height":400,"filesize":32788,"mime_type":"image\/jpeg","source_url":"https:\/\/www.egemtv.com\/wp-content\/uploads\/2025\/01\/muglanin-5-ilcesi-icin-siddetli-yagis-uyarisi_2b4c7df6fb80-600x400.jpg"},"thumbnail":{"file":"muglanin-5-ilcesi-icin-siddetli-yagis-uyarisi_2b4c7df6fb80-150x150.jpg","width":150,"height":150,"filesize":6883,"mime_type":"image\/jpeg","source_url":"https:\/\/www.egemtv.com\/wp-content\/uploads\/2025\/01\/muglanin-5-ilcesi-icin-siddetli-yagis-uyarisi_2b4c7df6fb80-150x150.jpg"},"medium_large":{"file":"muglanin-5-ilcesi-icin-siddetli-yagis-uyarisi_2b4c7df6fb80-768x512.jpg","width":768,"height":512,"filesize":48246,"mime_type":"image\/jpeg","source_url":"https:\/\/www.egemtv.com\/wp-content\/uploads\/2025\/01\/muglanin-5-ilcesi-icin-siddetli-yagis-uyarisi_2b4c7df6fb80-768x512.jpg"},"newsmatic-featured":{"file":"muglanin-5-ilcesi-icin-siddetli-yagis-uyarisi_2b4c7df6fb80-820x545.jpg","width":820,"height":545,"filesize":53825,"mime_type":"image\/jpeg","source_url":"https:\/\/www.egemtv.com\/wp-content\/uploads\/2025\/01\/muglanin-5-ilcesi-icin-siddetli-yagis-uyarisi_2b4c7df6fb80-820x545.jpg"},"newsmatic-list":{"file":"muglanin-5-ilcesi-icin-siddetli-yagis-uyarisi_2b4c7df6fb80-600x400.jpg","width":600,"height":400,"filesize":32788,"mime_type":"image\/jpeg","source_url":"https:\/\/www.egemtv.com\/wp-content\/uploads\/2025\/01\/muglanin-5-ilcesi-icin-siddetli-yagis-uyarisi_2b4c7df6fb80-600x400.jpg"},"newsmatic-thumb":{"file":"muglanin-5-ilcesi-icin-siddetli-yagis-uyarisi_2b4c7df6fb80-300x200.jpg","width":300,"height":200,"filesize":12182,"mime_type":"image\/jpeg","source_url":"https:\/\/www.egemtv.com\/wp-content\/uploads\/2025\/01\/muglanin-5-ilcesi-icin-siddetli-yagis-uyarisi_2b4c7df6fb80-300x200.jpg"},"newsmatic-small":{"file":"muglanin-5-ilcesi-icin-siddetli-yagis-uyarisi_2b4c7df6fb80-150x95.jpg","width":150,"height":95,"filesize":5670,"mime_type":"image\/jpeg","source_url":"https:\/\/www.egemtv.com\/wp-content\/uploads\/2025\/01\/muglanin-5-ilcesi-icin-siddetli-yagis-uyarisi_2b4c7df6fb80-150x95.jpg"},"newsmatic-grid":{"file":"muglanin-5-ilcesi-icin-siddetli-yagis-uyarisi_2b4c7df6fb80-400x250.jpg","width":400,"height":250,"filesize":17193,"mime_type":"image\/jpeg","source_url":"https:\/\/www.egemtv.com\/wp-content\/uploads\/2025\/01\/muglanin-5-ilcesi-icin-siddetli-yagis-uyarisi_2b4c7df6fb80-400x250.jpg"},"full":{"file":"muglanin-5-ilcesi-icin-siddetli-yagis-uyarisi_2b4c7df6fb80.jpg","width":1280,"height":853,"mime_type":"image\/jpeg","source_url":"https:\/\/www.egemtv.com\/wp-content\/uploads\/2025\/01\/muglanin-5-ilcesi-icin-siddetli-yagis-uyarisi_2b4c7df6fb80.jpg"}},"image_meta":{"aperture":"0","credit":"IHA","camera":"","caption":"METEOROLOJ\u0130 4. B\u00d6LGE M\u00dcD\u00dcRL\u00dc\u011e\u00dc B\u00d6LGE TAHM\u0130N VE UYARI MERKEZ\u0130NDEN YAPILAN UYARIDA, MU\u011eLA\u2019NIN ULA, MARMAR\u0130S, DALAMAN, K\u00d6YCE\u011e\u0130Z VE ORTACA \u0130L\u00c7ELER\u0130 \u0130\u00c7\u0130N \u015e\u0130DDETL\u0130 YA\u011eI\u015e UYARISI YAPILDI. (BEK\u0130R TOSUN\/MU\u011eLA-\u0130HA)","created_timestamp":"0","copyright":"\u0130HLAS HABER AJANSI, www.iha.com.tr","focal_length":"0","iso":"0","shutter_speed":"0","title":"MU\u011eLA\u2019NIN 5 \u0130L\u00c7ES\u0130 \u0130\u00c7\u0130N \u015e\u0130DDETL\u0130 YA\u011eI\u015e UYARISI","orientation":"0","keywords":[]},"dominant_color":"9a9a95","has_transparency":false},"post":2442,"source_url":"https:\/\/www.egemtv.com\/wp-content\/uploads\/2025\/01\/muglanin-5-ilcesi-icin-siddetli-yagis-uyarisi_2b4c7df6fb80.jpg","_links":{"self":[{"href":"https:\/\/www.egemtv.com\/index.php?rest_route=\/wp\/v2\/media\/2443","targetHints":{"allow":["GET"]}}],"collection":[{"href":"https:\/\/www.egemtv.com\/index.php?rest_route=\/wp\/v2\/media"}],"about":[{"href":"https:\/\/www.egemtv.com\/index.php?rest_route=\/wp\/v2\/types\/attachment"}],"author":[{"embeddable":true,"href":"https:\/\/www.egemtv.com\/index.php?rest_route=\/wp\/v2\/users\/1"}],"replies":[{"embeddable":true,"href":"https:\/\/www.egemtv.com\/index.php?rest_route=%2Fwp%2Fv2%2Fcomments&post=2443"}],"wp:attached-to":[{"embeddable":true,"post_type":"post","id":2442,"href":"https:\/\/www.egemtv.com\/index.php?rest_route=\/wp\/v2\/posts\/2442"}],"curies":[{"name":"wp","href":"https:\/\/api.w.org\/{rel}","templated":true}]}}

Muğla’nın 5 ilçesi için şiddetli yağış uyarısı

METEOROLOJİ 4. BÖLGE MÜDÜRLÜĞÜ BÖLGE TAHMİN VE UYARI MERKEZİNDEN YAPILAN UYARIDA, MUĞLA’NIN ULA, MARMARİS, DALAMAN, KÖYCEĞİZ VE ORTACA İLÇELERİ İÇİN ŞİDDETLİ YAĞIŞ UYARISI YAPILDI. (BEKİR TOSUN/MUĞLA-İHA)

İHLAS HABER AJANSI, www.iha.com.tr

MUĞLA’NIN 5 İLÇESİ İÇİN ŞİDDETLİ YAĞIŞ UYARISI
